 2*r**2 + 3 + 2*r. Let w be u(-2). What is the greatest common divisor of v and w?
19
Let m(p) = p**2 + 9*p + 20. Let f be m(-7). Let n be (f - 4)/((-2)/(-8)). Calculate the greatest common factor of 16 and n.
8
Suppose -37 - 3 = -4*i. Suppose -5*z + 100 = x, 5*x - 40 = -2*z + 2*x. Calculate the greatest common factor of i and z.
10
Suppose 18 = 7*w + 2*w. Suppose 3*y + w*y = 110. What is the highest common factor of y and 33?
11
Suppose 0 = -0*l + 12*l - 240. What is the highest common divisor of l and 100?
20
Suppose -6*a = -12*a + 54. Suppose 0 = 3*z - 5*v + 7, 3*z + z - 3*v - a = 0. What is the greatest common factor of 90 and z?
6
Suppose -17*j + 6131 = -1213. Calculate the highest common divisor of j and 81.
27
Suppose 5*z - 101 = -41. What is the highest common divisor of z and 204?
12
Let k(l) = -l**3 + 5*l**2 - 2*l + 2. Let g be k(4). Suppose -2*o = -3*o + 30. Calculate the highest common factor of o and g.
10
Let l be 13 + 1 + -1 - (-24 - -25). Suppose -2*r + 48 = -r. Calculate the greatest common factor of r and l.
12
Suppose 4*k - 1 = d, k - 4 = -d - 0*k. Let l = 4 + d. Suppose -4*s - h = -l - 0, 10 = -5*s - 5*h. Calculate the greatest common factor of 3 and s.
3
Let z(b) = 26*b - 166. Let p be z(12). Calculate the highest common divisor of 657 and p.
73
Let m(p) = -168*p - 414. Let q be m(-6). Calculate the highest common factor of q and 110.
22
Suppose 120 = -4*u + 14*u. What is the greatest common divisor of u and 456?
12
Let v = 11 - -173. Calculate the highest common factor of v and 23.
23
Suppose 27*t - 120 = 21*t. Suppose -4*b = -4*f - 44, -4*b + 4*f + 52 = 2*f. Let g = t - b. Calculate the highest common factor of g and 2.
1
Let m = -27 - -78. What is the highest common divisor of m and 68?
17
Let d(q) = 4*q**2 - 2*q - 12. Let l be d(5). Let t be 2/4*l + (-1 - -2). What is the highest common factor of 320 and t?
40
Let z be 12/20 + 12208/70. Calculate the highest common factor of 140 and z.
35
Let x(o) = 3*o - 4. Let d be x(2). Suppose -g + s = -19, -5*g + d*s = -93 + 1. What is the greatest common factor of 63 and g?
9
Suppose 30*f - 34*f = -72. Let h = -120 - -191. Let m = h - 35. Calculate the greatest common factor of f and m.
18
Let a be (-3)/9 + (-50)/(-6). Suppose 17 = -2*v - 5*f - 6, -f + 13 = -4*v. Let k be 1 + (-56)/v + (0 - 3). Calculate the greatest common divisor of a and k.
4
Let x(b) = -276*b + 166. Let k be x(-3). Calculate the highest common divisor of 14 and k.
14
Let y be (-1 + 17*2)*-1. Let h = -21 - y. Let a be (-119)/102*6 - -19. Calculate the highest common divisor of a and h.
12
Let b be (45 - (3 - 2)) + 0. Suppose -28*x + 20*x = -264. What is the highest common factor of x and b?
11
Let h = 860 - 709. What is the highest common divisor of h and 604?
151
Let w = -228 - -314. What is the highest common factor of w and 4?
2
Let t = 660 - 605. Let o = 0 + 5. What is the greatest common factor of t and o?
5
Let h(c) = 4*c - 84. Let p be h(29). Suppose -2*r + 26 = -6. Calculate the highest common divisor of p and r.
16
Let n be (7 - 3)*(4 - 0). Let w(c) = 4*c - 1. Let p be w(1). Suppose p*z = 6 + 90. Calculate the greatest common divisor of n and z.
16
Suppose -80 = 9*d - 4*d. Suppose 2*c = 3*c + 75. Let s be d/10*c/10. What is the highest common factor of 30 and s?
6
Suppose 0 = -j - s + 294, 5*j - 4*s - 933 = 537. Calculate the greatest common factor of j and 42.
42
Let q(s) = s**3 + 7*s**2 - 30*s - 161. Let t be q(-8). Calculate the highest common divisor of t and 100.
5
Let v(k) = k**3 + 8*k**2 + 9*k. Let o be v(-6). Suppose -o = -0*p - 3*p. Let w be (-840)/(-52) - p/39. What is the greatest common factor of w and 48?
16
Let a(z) = -z**3 - 4*z**2 - z + 1. Let y be a(-6). Suppose 2*t = y - 9. Calculate the greatest common factor of t and 5.
5
Let n be 6903/45 + (-6)/(-10). What is the greatest common divisor of n and 56?
14
Let z = 19 + -20. Let i be (-8)/(-3 - z) + 0. Let a = 37 + -29. Calculate the highest common divisor of i and a.
4
Let c = 22 + 9. Let s be (248/(-18))/(-5 - (-645)/135). Calculate the highest common factor of c and s.
31
Suppose -n - 48 = p, 224 = -2*p - 2*p + 4*n. Let s = -2 - p. What is the greatest common factor of s and 75?
25
Let n(h) = 125 + 2*h**3 - h**2 - 254 + 149. Let i be n(0). What is the highest common divisor of 100 and i?
20
Let x(c) be the third derivative of c**5/60 - c**4/24 - 11*c**3/6 - 3*c**2. Let j be x(5). What is the highest common factor of 81 and j?
9
Suppose 4340 = 33*x - 23*x. What is the highest common factor of x and 14?
14
Suppose 0 = 4*t + 2 - 10. Let v be -24 - (2 - (t - 3)). Let i be (v/18)/((-2)/16). What is the highest common factor of i and 84?
12
Let j = 80 - 83. Let o = j + 9. What is the greatest common factor of o and 78?
6
Suppose -10*k + 135 = -45. Suppose 2*m + 2*t - 82 = 0, 5*m - t - 222 + 47 = 0. What is the greatest common divisor of m and k?
18
Let o = 8 - -11. Suppose -8*u - 30*u + 1052 = 330. Calculate the highest common divisor of o and u.
19
Let h = -32 + 87. Let j be 2/(-4) - (-44)/8. Calculate the highest common divisor of h and j.
5
Let m(w) = -w**3 + 10*w**2 - 14*w + 17. Let o be m(8). Let a = -24 + o. What is the greatest common divisor of a and 72?
9
Let k(l) = l**2 - 8*l - 31. Let p be k(13). Suppose 4*w - 48 = -0*w. Let v = w + p. Calculate the greatest common factor of 23 and v.
23
Suppose -3*h = 3*s - 663, 10*s - 9*s = 4*h - 859. What is the greatest common factor of h and 144?
72
Suppose 0 = 694*q - 681*q - 520. Calculate the highest common divisor of q and 104.
8
Suppose -4*y = y + 4*f + 3, y = 4*f - 15. Let u be 6 - 0 - 1*y. Let c(a) = 5*a - 6. Let s be c(u). What is the greatest common divisor of s and 26?
13
Let x = -2230 + 2238. Let r be (-3)/(-9) + (-118)/(-6). What is the highest common factor of r and x?
4
Let q(x) = -55*x - 473. Let j be q(-11). What is the greatest common factor of j and 1518?
66
Let u = 0 + -1. Let r(c) be the third derivative of -43*c**4/8 - c**3/2 - 2*c**2 + 76. Let k be r(u). Calculate the greatest common divisor of 14 and k.
14
Let n(v) = -4*v - 84. Let b be n(-25). Calculate the highest common factor of 10 and b.
2
Let v(b) = -3 + 5*b + b**2 + 1 - 4 + 0. Let f(k) = -8*k**2 - k. Let q be f(1). Let r be v(q). Calculate the greatest common factor of 15 and r.
15
Let l(h) = 6 + 11*h - 12 - 7. Let m be l(8). Let q be (76/5)/(30/m). What is the highest common factor of 57 and q?
19
Let c(m) = -8*m + 6*m + 4*m + 32 + 0*m. Let u be c(-11). Calculate the greatest common divisor of u and 5.
5
Suppose -2*i = l - 19, 0 = l - 4*i - i + 2. Let w = 102 + -50. What is the highest common divisor of w and l?
13
Suppose -637 - 931 = -28*g. Calculate the highest common divisor of 210 and g.
14
Let n = 71 - 66. Suppose -2*z - 2*p = -6, 3*p - 4*p = -z + n. What is the greatest common divisor of 1 and z?
1
Suppose -3*m = -4*m. Suppose m = -5*q - 208 + 2438. Let f = q + -262. Calculate the highest common divisor of 23 and f.
23
Let i(m) = 4*m**2 + 14*m - 22. Let y be i(-11). Let h(g) be the first derivative of 28*g**3/3 - 4. Let k be h(1). What is the highest common factor of k and y?
28
Suppose 2*d - 140 = -3*d. Suppose 5*u = -5*g + 62 + 48, -4*g + 40 = 2*u. Let z = d - u. What is the greatest common factor of z and 8?
4
Suppose 629 = 9*c - 73. Let t be ((-40)/18*-3)/(4/c). What is the highest common factor of t and 10?
10
Let t = 28 + -29. Let d be 2*10 + (t - -5). Calculate the greatest common factor of d and 24.
24
Suppose 4*d = 2*h + 250, 0 = -5*d - 4*h + 293 + 39. What is the greatest common factor of 360 and d?
8
Let l be (90/(-9))/(-3 - -1). Suppose l*g = -h - 10, h - 5*h = -5*g - 60. What is the highest common divisor of h and 50?
10
Let b(x) = 2*x**3 - x**3 - 5*x**3 + x**2 + 4 + 3*x**3. Let a be b(0). What is the greatest common factor of 16 and a?
4
Let m = 201 - -263. Calculate the greatest common factor of 16 and m.
16
Let h(d) be the first derivative of d**3 - d**2 - 12*d + 1. Let a be 62/(-6) + 4/(-108)*-9. Let l be h(a). What is the greatest common factor of l and 28?
28
Let a(d) = -7*d + 43. Let p be a(6). What is the highest common divisor of 49 and p?
1
Let p be 3/15*(-15)/(-3). Suppose 0 = 6*k + k - 63. Calculate the greatest common divisor of p and k.
1
Let w = -714 + 1198. Calculate t